. Suppose -148 + z = 7*f. Give v(f).
0
Let x(w) = -5*w - 1. Suppose -46*h + 384 = -40*h. Let d = h - 61. Suppose 6*y - 3*y - d = 0. Determine x(y).
-6
Let v(c) = -c**2 + 5*c. Let n(w) = -w**2 + 45*w - 33 - 61*w + 1. Let d be n(-13). Determine v(d).
-14
Let j be 43/(301/(-84)) - -3. Let h(i) = -i**3 - 16*i**2 - 8*i + 17. Let x(b) = 2*b**3 + 31*b**2 + 16*b - 33. Let g(k) = -11*h(k) - 6*x(k). Give g(j).
2
Let o(x) be the first derivative of 0*x**3 - 19 - 1/4*x**4 + 0*x**2 + 4*x. Let r = 2 + -2. Calculate o(r).
4
Suppose 3*j = 3*f + 8*j + 130, 0 = 2*j - 2. Let r = 46 + f. Let n(y) be the first derivative of 5*y**2/2 + 22. Give n(r).
5
Let o = 1 - -1. Let z(f) be the third derivative of -f**4/24 - 51*f**2 - f. Let a(s) = -3*s - 8. Let t(q) = o*z(q) - a(q). What is t(-6)?
2
Suppose 163 = -3*n + t, -5*n - 10*t - 268 = -8*t. Suppose 0 = 5*y - 32 - 263. Let o = n + y. Let q(w) = -w**2 + 7*w - 2. Determine q(o).
8
Let f(x) = -30*x - 65. Let a be f(-2). Let j(v) = -6*v**3 - 15*v**2 + 15*v - 6. Let d(z) = -z**3 - z**2 + z + 1. Let t(g) = a*d(g) + j(g). Give t(-11).
0
Suppose -22 = -5*c + 2*c - 5*z, 8 = 3*c - 2*z. Suppose 0 = -2*x - c. Let h(i) be the first derivative of -i**4/4 - i**3 - i**2 - 28. Determine h(x).
0
Let a be ((-33)/7)/(14/(-98)). Suppose 0*w - 3*w = a. Let d(t) = -t**2 - 11*t - 9. Calculate d(w).
-9
Let x(f) = -f**2 + 14*f - 7. Let u(z) = 2*z**2 - 29*z + 15. Let l be (-1)/3*(-46 + 7). Let g(j) = l*x(j) + 6*u(j). Give g(4).
15
Let h(w) = -w**2 + 15*w - 11. Let t(p) = 10*p**2 - 162*p + 38. Let m be t(16). Give h(m).
43
Let y(d) = 14*d**2 - 15*d - 244. Let b(j) = -7*j**2 + 8*j + 103. Let k(t) = -7*b(t) - 3*y(t). Give k(1).
7
Let n(w) be the first derivative of -12*w - 1/2*w**2 + 1/20*w**5 - 15 - 1/2*w**3 + 1/4*w**4. Let b(k) be the first derivative of n(k). What is b(-4)?
-5
Let x = -1999 + 2014. Let d(t) = -t**3 + 15*t**2 - 4*t + 21. Determine d(x).
-39
Suppose -4 = -q - 4*t, 3*q - 4*t - 28 - 32 = 0. Let v(l) = 23*l - 360. Calculate v(q).
8
Let b(f) = -f**3 + 2*f**2 - 7*f + 11. Let l(w) = 2*w**2 - 29*w + 82. Let o be l(11). Give b(o).
-99
Let m(r) = 2*r**3 + 4*r**2 - r - 2. Let s = 3359 - 3363. Calculate m(s).
-62
Suppose -2*s + 5*k - 16 = 2*s, -8 = -2*k. Let j(r) = -r. Let w(u) = -2 - 3 + 6*u + 3. Let f(n) = s*w(n) + 4*j(n). What is f(3)?
4
Let h(a) be the first derivative of a**3/3 + 17*a**2/2 + 16*a - 907. Determine h(-16).
0
Let m(d) be the first derivative of -7/2*d**2 + 7/3*d**3 + 1/4*d**4 + 3*d + 92. What is m(-8)?
-5
Let m = -4 + 7. Let p(s) be the third derivative of -s**5/60 + s**4/4 + s**3/6 - s**2 + 1107*s. Give p(m).
10
Let i(y) = y**2 + y + 22. Let d = -369 + 94. Let p = d + 275. Calculate i(p).
22
Let t(u) = -6 + 4*u + 7*u**2 - 3*u + 6. Let q = 1 - -1. Suppose 14*k + q = 16*k. Give t(k).
8
Let h(l) = -14*l**3 - 11*l**2 - 70*l + 134. Let q(g) = 3*g**3 + 3*g**2 + 18*g - 34. Let d(v) = 2*h(v) + 9*q(v). Determine d(7).
18
Let k(i) = 53*i - 26. Let t(l) = 16*l - 9. Let y(p) = -2*k(p) + 7*t(p). Let h(w) = 7*w - 13. Let q(r) = 5*h(r) - 6*y(r). Determine q(11).
-10
Suppose -b = -o - 9, 87*o - 92*o - 15 = b. Let c(i) = i**3 + 8*i**2 + 3*i + 6. Give c(o).
58
Let g(q) = 15*q + 1. Let l(k) be the third derivative of k**6/120 + k**5/60 - k**4/8 - k**3/6 + 15*k**2. Let p be l(-2). Calculate g(p).
16
Let a(s) = 8*s**2 + 8*s + 16. Let h(m) = -6*m**2 - 8*m - 18. Let f(b) = 2*a(b) + 3*h(b). What is f(-4)?
-22
Suppose 2*x + 37 = 5*c, 2*c + 833*x - 28 = 836*x. Let q(v) = v**2 + 3*v - 21. Determine q(c).
19
Let m = -377 - -398. Let v be 1870/(-204) - (m/18)/(-7). Let i(s) = -s**3 - 8*s**2 + 9*s. Calculate i(v).
0
Let h = -139 - -226. Suppose -35 = 13*c - h. Let o(x) be the third derivative of -x**4/24 - 3*x**2. Give o(c).
-4
Let d(h) be the first derivative of h**4/4 + 2*h**3 + 3*h**2 + h - 85. Suppose -z = -3*z + 2*a - 18, 0 = 2*z + 3*a - 2. Give d(z).
-4
Let y(b) = b**2 - 15*b - 11. Suppose -93*n + 94*n - 655 = 0. Suppose 3*l = n - 607. Determine y(l).
5
Let a = -26 - -30. Let t(p) = 4*p - 17*p**2 + a + 0*p + 14*p**2. Let q(i) = -13*i**2 + 17*i + 16. Let h(o) = -2*q(o) + 9*t(o). Determine h(4).
-4
Let u(g) be the first derivative of g**5/40 - 5*g**4/24 - 13*g**3/3 - 3*g**2/2 + 206. Let h(o) be the third derivative of u(o). Give h(3).
4
Let c(n) = -n**3 + 2*n - 6 + 7543*n**2 - 7540*n**2 + 15 - 14. Suppose 7 + 8 = 3*q. Determine c(q).
-45
Let x(q) be the second derivative of q**4/12 + q**3/3 - 13*q**2/2 - q - 1926. What is x(3)?
2
Let y(d) be the first derivative of d**3/3 - d**2 - 82*d + 7178. What is y(-8)?
-2
Let l(v) = v - 3. Let r be l(8). Let p(y) = 1 - r*y + 2 + 0*y. Let k = 33280 - 33278. Give p(k).
-7
Let m(l) = 31*l + 8*l - 92*l + 42*l + 13. What is m(-1)?
24
Let v = 2169 + -2166. Let a(w) be the first derivative of -w**4/4 + w**3/3 - 2*w - 1. Give a(v).
-20
Let j(f) be the third derivative of -f**5/15 + f**4/12 - 19414*f**2. Suppose 4*k - g - 4*g - 33 = 0, 0 = -4*k - 3*g - 7. Let m be k/6*-1*-6. What is j(m)?
-12
Let o be (6 + -1)*36/30. Let j be (9/21)/((-9)/(-189)). Let v(w) = w + w - 4*w + j - w. Give v(o).
-9
Let v be -4 + 36/4 + -23. Let o be ((-3)/v)/((-1)/(-18)). Let z(y) = y + 1. Give z(o).
4
Let w(q) = -2*q**2 + 3. Let a(b) = -3*b**2 + 4. Let j(m) = -3*a(m) + 4*w(m). Let o = 5 - 5. Let g be o/(8/(-2))*1. Determine j(g).
0
Let y(j) = 66 + 52 - 51*j - 11 - 8 - 2. Calculate y(2).
-5
Let z(b) = 9*b**2 + 3 + 3*b - 6 - 2 - 2 - 12. Let i(n) = 5*n**2 + 2*n - 10. Let m(d) = 7*i(d) - 4*z(d). What is m(0)?
6
Let l(d) = 3*d**3 + d - 1 + 4*d**2 - 2*d**3 + 2*d**2. Suppose 0*x - 3*x = -o - 3, -o + 2*x = 2. Suppose o = -4*k + 42 - 66. Calculate l(k).
-7
Suppose -c = 2*c. Let y(d) be the second derivative of -3*d**3/2 + 4*d**2 + 366*d. Let k(u) = -32*u + 24. Let w(v) = -2*k(v) + 7*y(v). Give w(c).
8
Let t be (-3864)/(-273) - 2/13. Let o be t*((-2)/(-14))/((-1)/(-2)). Let z(v) = -v + 2. Give z(o).
-2
Let m(x) = 2*x**3 - 12*x**2 + 94*x - 564. Let c be m(6). Let d(n) be the first derivative of -n**3/3 + n + 1. What is d(c)?
1
Let z(g) = -5*g - 28 - 3 - 11 - 30. Let b be z(-13). Let v(x) = x - 10. What is v(b)?
-17
Let y(w) = w**3 + 85*w**2 + 619*w + 230. Let d be y(-77). Let q(n) be the second derivative of 3*n**4/2 - n**2/2 + n. What is q(d)?
17
Let k(d) = -5*d - 7. Suppose -2*r - 4 - 10 = 2*m + 2, -4*r = 0. What is k(m)?
33
Let d(k) be the first derivative of k**5/40 + 7*k**4/24 + k**3/3 - k + 53. Let y(t) be the third derivative of d(t). Calculate y(-5).
-8
Let m(a) = 79 - 58 + 80*a + 3*a**2 - 27*a - 34*a - 29*a. Determine m(4).
29
Let t(k) = -k**2 - 10*k - 16. Let u = 19155 + -19162. Give t(u).
5
Let v(h) = 7*h**2 + 4*h + 17. Let b(i) = 20*i**2 + 11*i + 48. Let t(q) = 6*b(q) - 17*v(q). Let s be (0 + 3/6)*0 - 1. What is t(s)?
2
Let w(i) = 383*i + 381*i - 762*i - 15. Let o be w(6). Let l(t) = -t**3 - 3*t**2 + 4*t + 2. What is l(o)?
-10
Let w(n) = -154*n + 153*n + 38 - 72. Calculate w(-17).
-17
Let l(r) = -r**2 + 7*r - 1. Let h(i) = 3*i - 68. Let o(q) = 2*q + 11. Let b be o(7). Let u be h(b). Determine l(u).
-1
Let f(n) be the third derivative of 7*n**4/24 - 4*n**3 - 3878*n**2. Give f(5).
11
Suppose -t - 2*r + 3 = 0, -40*t + 38*t = -2*r + 6. Let h(c) = 8*c**3 - 2*c**2 - 3*c. Give h(t).
-7
Let j be (26/(-91))/((-46)/(-805)). Let u(c) = -c**2 - 4*c + 8. Determine u(j).
3
Let u(c) = -2*c**3 - 13*c**2 - 16*c. Let a be u(-5). Suppose -3*i + 14 = -2*y + y, 3*i - 3*y - 24 = 0. Let v(f) = -4 - f - i*f + 8*f. Determine v(a).
16
Let j(i) be the third derivative of -1/2*i**3 - 128*i**2 + 1/8*i**4 + 0 + 0*i. Give j(-2).
-9
Suppose -z - 2 = 2*z + 2*y, -2*z - 3*y = 8. Let b(l) = -24*l**2 + 15*l**2 + 2*l + 3*l + 10*l**z. What is b(-6)?
6
Let w(x) = x**2 + 9*x + 9. Suppose -h - 3*h = 0, 2*h = -2*k + 4. Suppose c = -k - 2, 0 = 3*l - 5*c + 1. Give w(l).
-5
Let z(y) = 0 - 1 - 3*y - 3*y + 8*y. Let q(w) = 13*w - 136. Let i be q(10). Determine z(i).
-13
Let w(q) = -2*q + 10. Let t be w(7). Let j(z) = 2*z**3 + 9*z**2 + 2*z - 6. Calculate j(t).
2
Let p(x) be the third derivative of -1/120*x**6 + 2/3*x**3 + 1/12*x**4 + 0*x + 105*x**2 + 1/20*x**5 + 0. Determine p(4).
-4
Let v = 382 + -39. Let n = -348 + v. Let r(p) = -p**2 - 8*p - 9. Determine r(n).
6
Suppose -5*n - 7 = -5*u - 2, 6 = -n + 2*u. Let j(h) be the second derivative of 0 - h**2 - 28*h + 5/6*h**3. Calculate